 factors of 93396804.
2, 3, 443, 17569
List the prime factors of 291628131.
3, 19, 2243, 2281
What are the prime factors of 92135221?
1697, 54293
What are the prime factors of 890922641?
7, 23, 5533681
List the prime factors of 123756159.
3, 41252053
List the prime factors of 51440464.
2, 107, 30047
What are the prime factors of 1868585318?
2, 934292659
What are the prime factors of 481348987?
7, 61, 1127281
What are the prime factors of 1457633586?
2, 3, 59, 4117609
What are the prime factors of 64632174?
2, 3, 1171, 9199
List the prime factors of 63423182.
2, 251, 126341
List the prime factors of 106819970.
2, 5, 10681997
What are the prime factors of 5944748390?
2, 5, 7, 84924977
List the prime factors of 2333896121.
2333896121
What are the prime factors of 3932169896?
2, 4919, 99923
List the prime factors of 62920571.
7, 19, 23, 67, 307
What are the prime factors of 30202921?
7, 4314703
What are the prime factors of 2093165292?
2, 3, 41, 431, 9871
What are the prime factors of 541959199?
541959199
List the prime factors of 1993152586.
2, 151, 283, 23321
List the prime factors of 236962363.
11, 131, 164443
List the prime factors of 32623753.
29, 1124957
What are the prime factors of 128994199?
61, 641, 3299
List the prime factors of 68551710.
2, 3, 5, 2285057
List the prime factors of 897224452.
2, 224306113
List the prime factors of 205410095.
5, 11, 821, 4549
What are the prime factors of 503168481?
3, 55907609
List the prime factors of 514571411.
43, 11966777
What are the prime factors of 4551377706?
2, 3, 5179, 48823
What are the prime factors of 806795332?
2, 7, 2347, 12277
List the prime factors of 1433990785.
5, 41, 6995077
List the prime factors of 272973749.
263, 941, 1103
List the prime factors of 87790059.
3, 7, 1393493
List the prime factors of 5001513.
3, 11, 151561
What are the prime factors of 33865631?
41, 825991
List the prime factors of 3066553360.
2, 5, 13, 353, 8353
List the prime factors of 758979868.
2, 113, 1679159
List the prime factors of 231367519.
231367519
List the prime factors of 298658942.
2, 6581, 22691
List the prime factors of 450197104.
2, 7, 11719
List the prime factors of 38459899.
17, 659, 3433
What are the prime factors of 775830174?
2, 3, 7, 811, 22777
What are the prime factors of 1816551?
3, 11, 59, 311
List the prime factors of 175098372.
2, 3, 41, 355891
What are the prime factors of 21670809?
3, 7223603
What are the prime factors of 222142401?
3, 13, 179, 10607
What are the prime factors of 1560041781?
3, 520013927
List the prime factors of 49635715.
5, 1481, 6703
What are the prime factors of 116371569?
3, 38790523
What are the prime factors of 2882890828?
2, 97, 7430131
What are the prime factors of 107961300?
2, 3, 5, 139, 863
What are the prime factors of 24477815?
5, 233, 21011
What are the prime factors of 1614362533?
7, 47, 83, 59119
List the prime factors of 45328425.
3, 5, 604379
List the prime factors of 115833182.
2, 103, 562297
List the prime factors of 22367450.
2, 5, 7, 63907
What are the prime factors of 5072378613?
3, 2179, 775949
List the prime factors of 137819426.
2, 19, 29, 125063
List the prime factors of 276166180.
2, 5, 181, 76289
List the prime factors of 3541203003.
3, 13, 17, 53, 179, 563
What are the prime factors of 4876793508?
2, 3, 47, 271, 31907
What are the prime factors of 4128177030?
2, 3, 5, 647, 212683
List the prime factors of 12494350.
2, 5, 11, 22717
List the prime factors of 962897978.
2, 7, 79, 870613
What are the prime factors of 3822280714?
2, 7, 17, 23, 698261
List the prime factors of 336977622.
2, 3, 29, 229, 2819
What are the prime factors of 956808469?
47, 433141
What are the prime factors of 236921428?
2, 59230357
What are the prime factors of 138994995?
3, 5, 9266333
What are the prime factors of 11735881?
41, 197, 1453
List the prime factors of 5847386610.
2, 3, 5, 13, 19, 789121
List the prime factors of 1639554910.
2, 5, 7, 1609, 14557
What are the prime factors of 37908912?
2, 3, 17, 46457
What are the prime factors of 62769168?
2, 3, 7, 11, 17, 37
List the prime factors of 2722315642.
2, 2243, 606847
List the prime factors of 1041662241.
3, 38580083
What are the prime factors of 4041136189?
37, 109219897
List the prime factors of 99468192.
2, 3, 19, 23, 2371
List the prime factors of 2818588663.
11, 1213, 211241
What are the prime factors of 602191471?
7, 86027353
What are the prime factors of 30081351?
3, 19, 71, 7433
List the prime factors of 319188415.
5, 7, 13, 643, 1091
What are the prime factors of 1620486794?
2, 810243397
What are the prime factors of 7309502181?
3, 37, 41, 47, 3797
List the prime factors of 1168349914.
2, 53, 11022169
List the prime factors of 1040241447.
3, 7, 23, 8863
List the prime factors of 6982528203.
3, 7, 1087, 101963
List the prime factors of 207989460.
2, 3, 5, 7, 23, 7177
What are the prime factors of 421953512?
2, 197, 267737
What are the prime factors of 1495189686?
2, 3, 19, 2423, 5413
What are the prime factors of 1146849664?
2, 8959763
List the prime factors of 843563963.
11, 6971603
List the prime factors of 44942595.
3, 5, 67, 197, 227
What are the prime factors of 330041481?
3, 7, 11, 1428751
List the prime factors of 145526514.
2, 3, 7, 3464917
List the prime factors of 49874283.
3, 5541587
What are the prime factors of 48527844?
2, 3, 1669, 2423
List the prime factors of 323418401.
61, 2003, 2647
What are the prime factors of 1975043560?
2, 5, 7, 7053727
What are the prime factors of 2743025855?
5, 31, 17696941
What are the prime factors of 5603703?
3, 7, 347, 769
What are the prime factors of 680127942?
2, 3, 13, 17, 512917
List the prime factors of 277272996.
2, 3, 7, 11, 13, 41, 563
What are the prime factors of 999459023?
2029, 492587
What are the prime factors of 1466911807?
173, 8479259
List the prime factors of 230123120.
2, 5, 29, 99191
What are the prime factors of 3849625796?
2, 19, 379, 133649
List the prime factors of 66345310.
2, 5, 6634531
What are the prime factors of 1994964807?
3, 11, 17, 3556087
List the prime factors of 1820299714.
2, 41, 22198777
List the prime factors of 94942927.
94942927
List the prime factors of 3036431764.
2, 521, 1457021
List the prime factors of 66159856.
2, 7, 590713
List the prime factors of 2003312793.
3, 17, 37, 73, 14543
List the prime factors of 306254648.
2, 7, 61, 89653
List the prime factors of 160060070.
2, 5, 2633, 6079
List the prime factors of 52637105.
5, 10527421
List the prime factors of 1430103391.
37, 38651443
What are the prime factors of 14083843?
23, 612341
What are the prime factors of 58530478?
2, 59, 149, 3329
List the prime factors of 618352453.
283, 2184991
List the prime factors of 6101740050.
2, 3, 5, 7, 557, 10433
List the prime factors of 588793683.
3, 1721, 114041
List the prime factors of 8329074819.
3, 13, 149, 1433329
List the prime factors of 17031279.
3, 191, 29723
List the prime factors of 5293053610.
2, 5, 13, 29, 43, 103, 317
List the prime factors of 43323488.
2, 13, 8011
List the prime factors of 1673800826.
2, 836900413
List the prime factors of 23965700.
2, 5, 11, 21787
List the prime factors of 1384527211.
1384527211
List the prime factors of 986013105.
3, 5, 7, 11, 23, 37117
List the prime factors of 488401467.
3, 991, 164279
What are the prime factors of 30695911?
30695911
List the prime factors of 243443605.
5, 48688721
What are the prime factors of 1900782998?
2, 3343, 284293
List the prime factors of 2036152704.
2, 3, 5302481
What are the prime factors of 277505523?
3, 30833947
List the prime factors of 230626482.
2, 3, 61, 630127
List the prime factors of 2605070033.
2605070033
What are the prime factors of 129115917?
3, 7, 29, 23557
What are the prime factors of 146353273?
11, 13304843
What are the prime factors of 1763942023?
29, 60825587
List the prime factors of 2092548549.
3, 7, 13, 137, 55949
What are the prime factors of 24461269?
7, 3494467
List the prime factors of 29930635.
5, 7, 463, 1847
List the prime factors of 121233030.
2, 3, 5, 4041101
List the prime factors of 17500505.
5, 11, 318191
List the prime factors of 756760668.
2, 3, 59, 1068871
List the prime factors of 3039651893.
3039651893
What are the prime factors of 1146754685?
5, 29, 7908653
List the prime factors of 3682252148.
2, 